{"id":47,"date":"2012-05-27T00:45:21","date_gmt":"2012-05-27T00:45:21","guid":{"rendered":"http:\/\/www.bielypotok.eu\/?page_id=47"},"modified":"2012-09-19T20:01:06","modified_gmt":"2012-09-19T20:01:06","slug":"miestne-zastupitelstvo","status":"publish","type":"page","link":"https:\/\/www.bielypotok.eu\/?page_id=47","title":{"rendered":"V\u00fdbor Ms\u010c Biely Potok"},"content":{"rendered":"<p>&nbsp;<\/p>\n<table>\n<tbody>\n<tr>\n<td>\n<h4>Predseda<\/h4>\n<\/td>\n<td><\/td>\n<\/tr>\n<tr>\n<td>ngg_shortcode_0_placeholder<\/td>\n<td><strong>Vojtech Macko<\/strong>(poslanec MsZ v Ru\u017eomberku)<br \/>\ntel.: <strong>0907 802 686<\/strong><br \/>\ne-mail: <strong><a href=\"mackov3@yahoo.com\">mackov3@yahoo.com<\/a><\/strong>\n<\/td>\n<\/tr>\n<tr>\n<td>\n<h4>Ob\u010dianska rada<\/h4>\n<\/td>\n<td><\/td>\n<\/tr>\n<tr>\n<td>ngg_shortcode_1_placeholder<\/td>\n<td><strong>Miroslav Macko<\/strong><br \/>\ntel.:\u00a0<strong>0905 324 391<\/strong>\n<\/td>\n<\/tr>\n<tr>\n<td>ngg_shortcode_2_placeholder<\/td>\n<td><strong>Viktor Janovec<\/strong><br \/>\ntel.:\u00a0<strong>0908 817 219<\/strong>\n<\/td>\n<\/tr>\n<tr>\n<td>ngg_shortcode_3_placeholder<\/td>\n<td><strong>\u013dubica Rechtor\u00edkov\u00e1<\/strong><br \/>\ntel.:\u00a0<strong>0903 756 054<\/strong>\n<\/td>\n<\/tr>\n<tr>\n<td>ngg_shortcode_4_placeholder<\/td>\n<td><strong>Martin Vierik<\/strong><br \/>\ntel.:\u00a0<strong>0905 521 775<\/strong>\n<\/td>\n<\/tr>\n<\/tbody>\n<\/table>\n<p><strong><a title=\"zber-par\" href=\"http:\/\/www.bielypotok.eu\/wp-content\/uploads\/2012-05-24-OBCANIA.pdf\" target=\"_blank\">Pozrite si z\u00e1pisnicu zo stretnutia s ob\u010danmi BP<\/a> (24.05.2012)<\/strong><\/p>\n<p><strong><a title=\"zber-par\" href=\"http:\/\/www.bielypotok.eu\/wp-content\/uploads\/2011-06-23-OBCANIA.pdf\" target=\"_blank\">Pozrite si z\u00e1pisnicu zo stretnutia s ob\u010danmi BP<\/a> (23.06.2011)<\/strong><\/p>\n","protected":false},"excerpt":{"rendered":"<p>&nbsp; Predseda Vojtech Macko(poslanec MsZ v Ru\u017eomberku) tel.: 0907 802 686 e-mail: mackov3@yahoo.com Ob\u010dianska rada Miroslav Macko tel.:\u00a00905 324 391 Viktor Janovec tel.:\u00a00908 817 219 \u013dubica Rechtor\u00edkov\u00e1 tel.:\u00a00903 756 054 Martin Vierik tel.:\u00a00905 521 775 Pozrite si z\u00e1pisnicu zo stretnutia s ob\u010danmi BP (24.05.2012) Pozrite si z\u00e1pisnicu zo stretnutia s &#8230;<\/p>\n","protected":false},"author":1,"featured_media":0,"parent":7,"menu_order":1,"comment_status":"open","ping_status":"open","template":"","meta":{"ngg_post_thumbnail":0,"jetpack_post_was_ever_published":false,"footnotes":""},"class_list":["post-47","page","type-page","status-publish","hentry"],"jetpack_shortlink":"https:\/\/wp.me\/P2I76G-L","jetpack_sharing_enabled":true,"_links":{"self":[{"href":"https:\/\/www.bielypotok.eu\/index.php?rest_route=\/wp\/v2\/pages\/47","targetHints":{"allow":["GET"]}}],"collection":[{"href":"https:\/\/www.bielypotok.eu\/index.php?rest_route=\/wp\/v2\/pages"}],"about":[{"href":"https:\/\/www.bielypotok.eu\/index.php?rest_route=\/wp\/v2\/types\/page"}],"author":[{"embeddable":true,"href":"https:\/\/www.bielypotok.eu\/index.php?rest_route=\/wp\/v2\/users\/1"}],"replies":[{"embeddable":true,"href":"https:\/\/www.bielypotok.eu\/index.php?rest_route=%2Fwp%2Fv2%2Fcomments&post=47"}],"version-history":[{"count":47,"href":"https:\/\/www.bielypotok.eu\/index.php?rest_route=\/wp\/v2\/pages\/47\/revisions"}],"predecessor-version":[{"id":198,"href":"https:\/\/www.bielypotok.eu\/index.php?rest_route=\/wp\/v2\/pages\/47\/revisions\/198"}],"up":[{"embeddable":true,"href":"https:\/\/www.bielypotok.eu\/index.php?rest_route=\/wp\/v2\/pages\/7"}],"wp:attachment":[{"href":"https:\/\/www.bielypotok.eu\/index.php?rest_route=%2Fwp%2Fv2%2Fmedia&parent=47"}],"curies":[{"name":"wp","href":"https:\/\/api.w.org\/{rel}","templated":true}]}}

Výbor MsČ Biely Potok

<p>&nbsp;</p>
<table>
<tbody>
<tr>
<td>
<h4>Predseda</h4>
</td>
<td></td>
</tr>
<tr>
<td>ngg_shortcode_0_placeholder</td>
<td><strong>Vojtech Macko</strong>(poslanec MsZ v Ružomberku)<br />
tel.: <strong>0907 802 686</strong><br />
e-mail: <strong><a href="mackov3@yahoo.com">mackov3@yahoo.com</a></strong>
</td>
</tr>
<tr>
<td>
<h4>Občianska rada</h4>
</td>
<td></td>
</tr>
<tr>
<td>ngg_shortcode_1_placeholder</td>
<td><strong>Miroslav Macko</strong><br />
tel.: <strong>0905 324 391</strong>
</td>
</tr>
<tr>
<td>ngg_shortcode_2_placeholder</td>
<td><strong>Viktor Janovec</strong><br />
tel.: <strong>0908 817 219</strong>
</td>
</tr>
<tr>
<td>ngg_shortcode_3_placeholder</td>
<td><strong>Ľubica Rechtoríková</strong><br />
tel.: <strong>0903 756 054</strong>
</td>
</tr>
<tr>
<td>ngg_shortcode_4_placeholder</td>
<td><strong>Martin Vierik</strong><br />
tel.: <strong>0905 521 775</strong>
</td>
</tr>
</tbody>
</table>
<p><strong><a title="zber-par" href="http://www.bielypotok.eu/wp-content/uploads/2012-05-24-OBCANIA.pdf" target="_blank">Pozrite si zápisnicu zo stretnutia s občanmi BP</a> (24.05.2012)</strong></p>
<p><strong><a title="zber-par" href="http://www.bielypotok.eu/wp-content/uploads/2011-06-23-OBCANIA.pdf" target="_blank">Pozrite si zápisnicu zo stretnutia s občanmi BP</a> (23.06.2011)</strong></p>

<p>&nbsp; Predseda Vojtech Macko(poslanec MsZ v Ružomberku) tel.: 0907 802 686 e-mail: mackov3@yahoo.com Občianska rada Miroslav Macko tel.: 0905 324 391 Viktor Janovec tel.: 0908 817 219 Ľubica Rechtoríková tel.: 0903 756 054 Martin Vierik tel.: 0905 521 775 Pozrite si zápisnicu zo stretnutia s občanmi BP (24.05.2012) Pozrite si zápisnicu zo stretnutia s &#8230;</p>
