{"id":192,"date":"2012-07-16T22:06:06","date_gmt":"2012-07-16T22:06:06","guid":{"rendered":"http:\/\/www.bielypotok.eu\/?page_id=192"},"modified":"2012-09-06T17:38:15","modified_gmt":"2012-09-06T17:38:15","slug":"na-uvod","status":"publish","type":"page","link":"https:\/\/www.bielypotok.eu\/?page_id=192","title":{"rendered":"Na \u00favod"},"content":{"rendered":"<p style=\"text-align: justify;\">ngg_shortcode_0_placeholder<\/p>\n<p style=\"text-align: justify;\"><strong>V\u00e1\u017een\u00ed spoluob\u010dania, n\u00e1v\u0161tevn\u00edci,<\/strong><\/p>\n<p style=\"text-align: justify;\">srde\u010dne <strong>V\u00e1s v\u00edtam na\u00a0web str\u00e1nke<\/strong> ur\u010denej predov\u0161etk\u00fdm obyvate\u013eom Bieleho Potoka, ktor\u00ed maj\u00fa\u00a0z\u00e1ujem by\u0165 informovan\u00ed viac, ako to umo\u017e\u0148uje miestna\u00a0 tabu\u013ea, miestny rozhlas a ob\u010dasn\u00e9 let\u00e1ky v\u00a0schr\u00e1nke, ktor\u00e9 v dne\u0161nej dobe a pri dne\u0161n\u00fdch technick\u00fdch mo\u017enostiach skuto\u010dne nemo\u017eno pova\u017eova\u0165 za dosta\u010duj\u00face pre potreby ob\u010danov, najm\u00e4 t\u00fdch, ktor\u00ed s\u00fa po\u010das pracovn\u00fdch dn\u00ed mimo bydliska.<\/p>\n<p style=\"text-align: justify;\">Cie\u013eom <strong>web str\u00e1nky<\/strong> je, v prvom rade, zabezpe\u010di\u0165 \u0161ir\u0161iu informovanos\u0165 ob\u010danov o aktivit\u00e1ch konan\u00fdch na Bielom Potoku a d\u00f4le\u017eit\u00fdch skuto\u010dnostiach, ktor\u00e9 maj\u00fa vplyv na kvalitu \u017eivota ob\u010danov, ale aj kontakt s\u00a0poslancom\u00a0prostredn\u00edctvom internetu. Amb\u00edciou web str\u00e1nky je tie\u017e poskytn\u00fa\u0165 spolo\u010densk\u00fd rozmer a prinies\u0165 inform\u00e1cie o aktivit\u00e1ch, \u010di zauj\u00edmav\u00e9 inform\u00e1cie, ktor\u00e9 m\u00f4\u017eu by\u0165 pre V\u00e1s u\u017eito\u010dn\u00e9 a in\u0161piruj\u00face.<\/p>\n<p style=\"text-align: justify;\">Samozrejme, v\u017edy je \u010do zlep\u0161ova\u0165, preto aby bola web str\u00e1nka pre V\u00e1s skuto\u010dne u\u017eito\u010dn\u00e1 a zauj\u00edmav\u00e1, uv\u00edtame aj Va\u0161e n\u00e1zory, postrehy, o\u010dak\u00e1vania a in\u0161pir\u00e1ciu. Str\u00e1nka je st\u00e1le vo v\u00fdstavbe a dop\u013a\u0148an\u00e1 o nov\u00e9 inform\u00e1cie.<\/p>\n<p style=\"text-align: justify;\">\u00daprimne ver\u00edme, \u017ee takto prispejeme, spolu s Vami, k intenz\u00edvnej\u0161ej komunik\u00e1cii, transparentnosti, in\u0161pir\u00e1cii, z\u00e1ujmu a akt\u00edvnej\u0161ej \u00fa\u010dasti ob\u010danov na spr\u00e1ve vec\u00ed verejn\u00fdch, ale i na \u010fal\u0161\u00edch aktivit\u00e1ch v na\u0161ej obci.<\/p>\n<p style=\"text-align: justify;\">Te\u0161\u00edm sa na spolupr\u00e1cu s Vami!<\/p>\n<p style=\"text-align: justify;\">Poslanec MsZ Vojtech Macko, spr\u00e1vcovia web str\u00e1nky Bc. Michal Uhrin, Mgr. Monika Mackov\u00e1 a\u00a0Milan Rechtor\u00edk ml.<\/p>\n","protected":false},"excerpt":{"rendered":"<p>V\u00e1\u017een\u00ed spoluob\u010dania, n\u00e1v\u0161tevn\u00edci, srde\u010dne V\u00e1s v\u00edtam na\u00a0web str\u00e1nke ur\u010denej predov\u0161etk\u00fdm obyvate\u013eom Bieleho Potoka, ktor\u00ed maj\u00fa\u00a0z\u00e1ujem by\u0165 informovan\u00ed viac, ako to umo\u017e\u0148uje miestna\u00a0 tabu\u013ea, miestny rozhlas a ob\u010dasn\u00e9 let\u00e1ky v\u00a0schr\u00e1nke, ktor\u00e9 v dne\u0161nej dobe a pri dne\u0161n\u00fdch technick\u00fdch mo\u017enostiach skuto\u010dne nemo\u017eno pova\u017eova\u0165 za dosta\u010duj\u00face pre potreby ob\u010danov, najm\u00e4 t\u00fdch, ktor\u00ed s\u00fa &#8230;<\/p>\n","protected":false},"author":1,"featured_media":0,"parent":7,"menu_order":0,"comment_status":"open","ping_status":"open","template":"","meta":{"ngg_post_thumbnail":0,"jetpack_post_was_ever_published":false,"footnotes":""},"class_list":["post-192","page","type-page","status-publish","hentry"],"jetpack_shortlink":"https:\/\/wp.me\/P2I76G-36","jetpack_sharing_enabled":true,"_links":{"self":[{"href":"https:\/\/www.bielypotok.eu\/index.php?rest_route=\/wp\/v2\/pages\/192","targetHints":{"allow":["GET"]}}],"collection":[{"href":"https:\/\/www.bielypotok.eu\/index.php?rest_route=\/wp\/v2\/pages"}],"about":[{"href":"https:\/\/www.bielypotok.eu\/index.php?rest_route=\/wp\/v2\/types\/page"}],"author":[{"embeddable":true,"href":"https:\/\/www.bielypotok.eu\/index.php?rest_route=\/wp\/v2\/users\/1"}],"replies":[{"embeddable":true,"href":"https:\/\/www.bielypotok.eu\/index.php?rest_route=%2Fwp%2Fv2%2Fcomments&post=192"}],"version-history":[{"count":9,"href":"https:\/\/www.bielypotok.eu\/index.php?rest_route=\/wp\/v2\/pages\/192\/revisions"}],"predecessor-version":[{"id":662,"href":"https:\/\/www.bielypotok.eu\/index.php?rest_route=\/wp\/v2\/pages\/192\/revisions\/662"}],"up":[{"embeddable":true,"href":"https:\/\/www.bielypotok.eu\/index.php?rest_route=\/wp\/v2\/pages\/7"}],"wp:attachment":[{"href":"https:\/\/www.bielypotok.eu\/index.php?rest_route=%2Fwp%2Fv2%2Fmedia&parent=192"}],"curies":[{"name":"wp","href":"https:\/\/api.w.org\/{rel}","templated":true}]}}