{"id":14363,"date":"2023-11-28T20:01:31","date_gmt":"2023-11-28T18:01:31","guid":{"rendered":"https:\/\/www.bielypotok.eu\/?page_id=14363"},"modified":"2025-04-18T15:20:24","modified_gmt":"2025-04-18T13:20:24","slug":"vzn","status":"publish","type":"page","link":"https:\/\/www.bielypotok.eu\/?page_id=14363","title":{"rendered":"VZN \u010d. 9\/2023"},"content":{"rendered":"\n<p><strong>o miestnom poplatku za komun\u00e1lne odpady a drobn\u00e9 stavebn\u00e9 odpady<\/strong>.<\/p>\n\n\n\n<figure class=\"wp-block-image size-full\"><a href=\"https:\/\/www.bielypotok.eu\/wp-content\/uploads\/VZN-09_2023-o-miestnom-poplatku-za-komunalne-odpady-a-drobne-stavebne-odpady.pdf\" target=\"_blank\" rel=\"noreferrer noopener\"><img data-recalc-dims=\"1\" loading=\"lazy\" decoding=\"async\" width=\"500\" height=\"750\" src=\"https:\/\/i0.wp.com\/www.bielypotok.eu\/wp-content\/uploads\/vzn-09_2023.jpg?resize=500%2C750&#038;ssl=1\" alt=\"\" class=\"wp-image-14729\" srcset=\"https:\/\/i0.wp.com\/www.bielypotok.eu\/wp-content\/uploads\/vzn-09_2023.jpg?w=500&amp;ssl=1 500w, https:\/\/i0.wp.com\/www.bielypotok.eu\/wp-content\/uploads\/vzn-09_2023.jpg?resize=200%2C300&amp;ssl=1 200w\" sizes=\"auto, (max-width: 500px) 100vw, 500px\" \/><\/a><\/figure>\n","protected":false},"excerpt":{"rendered":"<p>o miestnom poplatku za komun\u00e1lne odpady a drobn\u00e9 stavebn\u00e9 odpady.<\/p>\n","protected":false},"author":1,"featured_media":0,"parent":7,"menu_order":7,"comment_status":"closed","ping_status":"closed","template":"","meta":{"ngg_post_thumbnail":0,"jetpack_post_was_ever_published":false,"footnotes":""},"class_list":["post-14363","page","type-page","status-publish","hentry"],"jetpack_shortlink":"https:\/\/wp.me\/P2I76G-3JF","jetpack_sharing_enabled":true,"_links":{"self":[{"href":"https:\/\/www.bielypotok.eu\/index.php?rest_route=\/wp\/v2\/pages\/14363","targetHints":{"allow":["GET"]}}],"collection":[{"href":"https:\/\/www.bielypotok.eu\/index.php?rest_route=\/wp\/v2\/pages"}],"about":[{"href":"https:\/\/www.bielypotok.eu\/index.php?rest_route=\/wp\/v2\/types\/page"}],"author":[{"embeddable":true,"href":"https:\/\/www.bielypotok.eu\/index.php?rest_route=\/wp\/v2\/users\/1"}],"replies":[{"embeddable":true,"href":"https:\/\/www.bielypotok.eu\/index.php?rest_route=%2Fwp%2Fv2%2Fcomments&post=14363"}],"version-history":[{"count":10,"href":"https:\/\/www.bielypotok.eu\/index.php?rest_route=\/wp\/v2\/pages\/14363\/revisions"}],"predecessor-version":[{"id":14731,"href":"https:\/\/www.bielypotok.eu\/index.php?rest_route=\/wp\/v2\/pages\/14363\/revisions\/14731"}],"up":[{"embeddable":true,"href":"https:\/\/www.bielypotok.eu\/index.php?rest_route=\/wp\/v2\/pages\/7"}],"wp:attachment":[{"href":"https:\/\/www.bielypotok.eu\/index.php?rest_route=%2Fwp%2Fv2%2Fmedia&parent=14363"}],"curies":[{"name":"wp","href":"https:\/\/api.w.org\/{rel}","templated":true}]}}