{"id":118,"date":"2012-05-28T18:32:37","date_gmt":"2012-05-28T18:32:37","guid":{"rendered":"http:\/\/www.bielypotok.eu\/?page_id=118"},"modified":"2019-08-13T21:12:58","modified_gmt":"2019-08-13T19:12:58","slug":"belanske-gance","status":"publish","type":"page","link":"https:\/\/www.bielypotok.eu\/?page_id=118","title":{"rendered":"Belansk\u00e9 gance"},"content":{"rendered":"<h4><span style=\"color: #3366ff;\">10. august 2019<\/span><\/h4>\n<h4>ngg_shortcode_0_placeholder<\/h4>\n<h4><span style=\"color: #3366ff;\">12. august 2018<\/span><\/h4>\n<h4>ngg_shortcode_1_placeholder<\/h4>\n<p><iframe loading=\"lazy\" src=\"https:\/\/www.youtube.com\/embed\/nzueGhcDV3k\" width=\"560\" height=\"315\" frameborder=\"0\" allowfullscreen=\"allowfullscreen\"><\/iframe><br \/>\n&nbsp;<span style=\"color: #3366ff;\">12. august 2017<\/span><\/p>\n<h4>ngg_shortcode_2_placeholder<\/h4>\n<h4><span style=\"color: #3366ff;\">13. august 2016<\/span><\/h4>\n<h4>ngg_shortcode_3_placeholder<\/h4>\n<h4><span style=\"color: #3366ff;\">09. august 2014<\/span><\/h4>\n<p>Srde\u010dne v\u00e1s poz\u00fdvame&nbsp;<strong>v sobotu 09. augusta 2014 o 10:00 hod.&nbsp;<\/strong>do&nbsp;<strong>Are\u00e1lu oddychu v Bielom Potoku<\/strong>&nbsp;na&nbsp;<strong>IX. ro\u010dn\u00edk s\u00fa\u0165a\u017ee vo varen\u00ed a jeden\u00ed bryndzov\u00fdch halu\u0161iek Belansk\u00e9 gance<\/strong>.<\/p>\n<p>Registr\u00e1cia dru\u017estiev bude prebieha\u0165 do za\u010diatku, teda do 10:00 hod.<\/p>\n<p>Info:&nbsp;<strong>0904 512 244<\/strong><\/p>\n<p>\u0160tartovn\u00e9:&nbsp;<strong>20,00 \u20ac<\/strong>&nbsp;pre dru\u017estvo mu\u017eov a&nbsp;<strong>10,00 \u20ac<\/strong>&nbsp;pre \u017eensk\u00fd t\u00edm (\u017eeny varia len polovi\u010dn\u00fa d\u00e1vku)<\/p>\n<p>S\u00fa\u0165a\u017ei\u0165 bud\u00fa mu\u017esk\u00e9, \u017eensk\u00e9 a zmie\u0161an\u00e9 dru\u017estv\u00e1. Organiz\u00e1tori poskytn\u00fa s\u00fa\u0165a\u017eiacim v\u0161etky suroviny a n\u00e1stroje potrebn\u00e9 na varenie. Pre n\u00e1v\u0161tevn\u00edkov je pripraven\u00fd bohat\u00fd kult\u00farny program a tombola. S\u00fa pripraven\u00e9 s\u00fa\u0165a\u017ee pre dospel\u00fdch a z\u00e1bavn\u00e9 hry pre deti.<\/p>\n<p><strong><a title=\"plag\u00e1t\" href=\"http:\/\/www.bielypotok.eu\/wp-content\/uploads\/2014-08-09-GANCE.pdf\" target=\"_blank\" rel=\"noopener noreferrer\">Pozrite si plag\u00e1t ku akcii<\/a><\/strong><\/p>\n<p><strong>Pozrite si video z akcie<\/strong><br \/>\n<iframe loading=\"lazy\" src=\"\/\/www.youtube.com\/embed\/vc8xD3bU5Hg\" width=\"400\" height=\"225\" frameborder=\"0\"><\/iframe><br \/>\nngg_shortcode_4_placeholder<\/p>\n<p>&nbsp;<\/p>\n<h4><strong><span style=\"color: #3366ff; font-size: 1em;\">10. august 2013<\/span><\/strong><\/h4>\n<p style=\"text-align: justify;\">Srde\u010dne v\u00e1s poz\u00fdvame <strong>v sobotu 10. augusta 2013 o 10:00 hod.<\/strong> do Are\u00e1lu oddychu v Bielom Potoku <strong>na VIII. ro\u010dn\u00edk s\u00fa\u0165a\u017ee vo varen\u00ed a jeden\u00ed bryndzov\u00fdch halu\u0161iek Belansk\u00e9 gance.&nbsp;<\/strong>Registr\u00e1cia dru\u017estiev bude prebieha\u0165 do za\u010diatku, teda do 10:00 hod. \u0160tartovn\u00e9: <strong>20,00 \u20ac pre dru\u017estvo mu\u017eov<\/strong> a <strong>10,00 \u20ac pre \u017eensk\u00fd t\u00edm<\/strong> (\u017eeny varia len polovi\u010dn\u00fa d\u00e1vku). S\u00fa\u0165a\u017ei\u0165 bud\u00fa mu\u017esk\u00e9, \u017eensk\u00e9 a zmie\u0161an\u00e9 dru\u017estv\u00e1. Organiz\u00e1tori poskytn\u00fa s\u00fa\u0165a\u017eiacim v\u0161etky suroviny a n\u00e1stroje potrebn\u00e9 na varenie.&nbsp;Pre n\u00e1v\u0161tevn\u00edkov je pripraven\u00fd bohat\u00fd kult\u00farny program a tombola. S\u00fa pripraven\u00e9&nbsp;s\u00fa\u0165a\u017ee pre dospel\u00fdch a&nbsp;z\u00e1bavn\u00e9 hry pre deti.&nbsp;<strong>O 16:00 hod. <\/strong>vyst\u00fapi<strong> hudobn\u00e1 skupina GALAXIA.<\/strong> Dopoludnia sa o dobr\u00fa n\u00e1ladu postar\u00e1 <strong>DJ Pl\u00e1vka.&nbsp;<\/strong><\/p>\n<p><strong><a title=\"plag\u00e1t\" href=\"http:\/\/www.bielypotok.eu\/wp-content\/uploads\/2013-08-10-GANCE.pdf\" target=\"_blank\" rel=\"noopener noreferrer\">Pozrite si plag\u00e1t ku akcii<\/a><\/strong><\/p>\n<p><strong><span style=\"color: #ff6600;\">Pozrite si video z akcie<\/span><\/strong><br \/>\n<iframe loading=\"lazy\" src=\"\/\/www.youtube.com\/embed\/WoJMlPGVIYo\" width=\"400\" height=\"225\" frameborder=\"0\"><\/iframe><\/p>\nngg_shortcode_5_placeholder\n<h4><span style=\"color: #3366ff;\">11. august 2012<\/span><\/h4>\n<p style=\"text-align: justify;\">D\u0148a&nbsp;<strong>11.08.2012 od 10:00 hod. sa u\u017e tradi\u010dne uskuto\u010dn\u00ed VII. ro\u010dn\u00edk s\u00fa\u0165a\u017ee vo varen\u00ed bryndzov\u00fdch halu\u0161iek<\/strong>&nbsp;v Bielom Potoku.&nbsp;<strong>Pr\u00ed\u010fte aj vy a uvid\u00edte<\/strong>, \u017ee<strong>&nbsp;uvari\u0165 a zjes\u0165 3 kil\u00e1 bryndzov\u00fdch halu\u0161iek<\/strong>&nbsp;nie je tak\u00e9 jednoduch\u00e9.&nbsp;<strong>S\u00fa\u0165a\u017ei\u0165 bud\u00fa 4-\u010dlenn\u00e9 dru\u017estv\u00e1<\/strong>, \u017eensk\u00e9 aj mu\u017esk\u00e9. Ich \u00falohou bude \u010do najsk\u00f4r uvari\u0165 a zjes\u0165 3 kilogramy bryndzov\u00fdch halu\u0161iek.&nbsp;<strong>M\u00f4\u017eete sa te\u0161i\u0165<\/strong>&nbsp;nielen&nbsp;<strong>na kvalitn\u00e9 bryndzov\u00e9 halu\u0161ky<\/strong>, ale aj&nbsp;<strong>na bohat\u00fd program<\/strong>. Nebud\u00fa ch\u00fdba\u0165&nbsp;<strong>s\u00fa\u0165a\u017ee pre deti<\/strong>&nbsp;aj dospel\u00fdch,&nbsp;<strong>\u017eiv\u00e1 hudba, tombola, ob\u010derstvenie<\/strong>. Bud\u00fa sa vari\u0165 nielen halu\u0161ky, ale aj&nbsp;<strong>gul\u00e1\u0161<\/strong>.<\/p>\n<p><strong><a title=\"plag\u00e1t\" href=\"http:\/\/www.bielypotok.eu\/wp-content\/uploads\/plagat-gance-2012.pdf\" target=\"_blank\" rel=\"noopener noreferrer\">Pozrite si plag\u00e1t ku akcii<\/a><\/strong><\/p>\n<p><strong><span style=\"color: #ff6600;\">Pozrite si video z akcie<\/span><\/strong><br \/>\n<iframe loading=\"lazy\" src=\"http:\/\/www.youtube.com\/embed\/u_UENx1ilBI\" width=\"400\" height=\"300\" frameborder=\"0\"><\/iframe><\/p>\nngg_shortcode_6_placeholder\n<p><span style=\"color: #ff6600;\"><strong>Plo\u0161t\u00edn Punk na Belansk\u00fdch gancoch<\/strong><\/span><br \/>\n<iframe loading=\"lazy\" src=\"http:\/\/www.youtube.com\/embed\/a6NSB0ZtAdw\" width=\"400\" height=\"225\" frameborder=\"0\"><\/iframe><br \/>\n<strong><a href=\"https:\/\/www.dropbox.com\/sh\/tq2nbkqa01w2s20\/1-AMxi3U17\" target=\"_blank\" rel=\"noopener noreferrer\">Pozrite si fotogal\u00e9riu ku vyst\u00fapeniu<\/a><\/strong><\/p>\n","protected":false},"excerpt":{"rendered":"<p>10. august 2019 12. august 2018 &nbsp;12. august 2017 13. august 2016 09. august 2014 Srde\u010dne v\u00e1s poz\u00fdvame&nbsp;v sobotu 09. augusta 2014 o 10:00 hod.&nbsp;do&nbsp;Are\u00e1lu oddychu v Bielom Potoku&nbsp;na&nbsp;IX. ro\u010dn\u00edk s\u00fa\u0165a\u017ee vo varen\u00ed a jeden\u00ed bryndzov\u00fdch halu\u0161iek Belansk\u00e9 gance. Registr\u00e1cia dru\u017estiev bude prebieha\u0165 do za\u010diatku, teda do 10:00 hod. Info:&nbsp;0904 &#8230;<\/p>\n","protected":false},"author":1,"featured_media":0,"parent":110,"menu_order":2,"comment_status":"open","ping_status":"open","template":"","meta":{"ngg_post_thumbnail":0,"jetpack_post_was_ever_published":false,"footnotes":""},"class_list":["post-118","page","type-page","status-publish","hentry"],"jetpack_shortlink":"https:\/\/wp.me\/P2I76G-1U","jetpack_sharing_enabled":true,"_links":{"self":[{"href":"https:\/\/www.bielypotok.eu\/index.php?rest_route=\/wp\/v2\/pages\/118","targetHints":{"allow":["GET"]}}],"collection":[{"href":"https:\/\/www.bielypotok.eu\/index.php?rest_route=\/wp\/v2\/pages"}],"about":[{"href":"https:\/\/www.bielypotok.eu\/index.php?rest_route=\/wp\/v2\/types\/page"}],"author":[{"embeddable":true,"href":"https:\/\/www.bielypotok.eu\/index.php?rest_route=\/wp\/v2\/users\/1"}],"replies":[{"embeddable":true,"href":"https:\/\/www.bielypotok.eu\/index.php?rest_route=%2Fwp%2Fv2%2Fcomments&post=118"}],"version-history":[{"count":26,"href":"https:\/\/www.bielypotok.eu\/index.php?rest_route=\/wp\/v2\/pages\/118\/revisions"}],"predecessor-version":[{"id":12612,"href":"https:\/\/www.bielypotok.eu\/index.php?rest_route=\/wp\/v2\/pages\/118\/revisions\/12612"}],"up":[{"embeddable":true,"href":"https:\/\/www.bielypotok.eu\/index.php?rest_route=\/wp\/v2\/pages\/110"}],"wp:attachment":[{"href":"https:\/\/www.bielypotok.eu\/index.php?rest_route=%2Fwp%2Fv2%2Fmedia&parent=118"}],"curies":[{"name":"wp","href":"https:\/\/api.w.org\/{rel}","templated":true}]}}