{"id":116,"date":"2012-05-28T18:32:15","date_gmt":"2012-05-28T18:32:15","guid":{"rendered":"http:\/\/www.bielypotok.eu\/?page_id=116"},"modified":"2019-03-04T21:06:49","modified_gmt":"2019-03-04T19:06:49","slug":"bursa","status":"publish","type":"page","link":"https:\/\/www.bielypotok.eu\/?page_id=116","title":{"rendered":"Belansk\u00fd fa\u0161iang"},"content":{"rendered":"<p style=\"text-align: justify;\"><strong>Bursa &#8211; Fa\u0161iangy<\/strong> je obdobie od Troch kr\u00e1\u013eov a\u017e do polnoci pred \u0161karedou \u2013 Popolcovou stredou. Potom nasleduje 40 d\u0148ov\u00fd p\u00f4st (zaveden\u00fd a\u017e koncom 4 st. kres\u0165anskou cirkvou) a\u017e do Ve\u013ek\u00e9ho piatku. Je to prechodn\u00e9 obdobie medzi zimou a jarou. Z obdobia Ve\u013ekej Moravy sa u n\u00e1s v 9. storo\u010d\u00ed pou\u017e\u00edval term\u00edn mjasopust (koniec jedenia m\u00e4sa pred p\u00f4stom). V \u010cesku sa toto slovo zachovalo ako masopust, na Slovensku sme v\u0161ak nesk\u00f4r prebrali nemeck\u00fd n\u00e1zov <strong>fa\u0161iangy<\/strong> (fa\u0161angy).<\/p>\n<p style=\"text-align: justify;\">Ako sa vrav\u00ed in\u00fd kraj, in\u00fd mrav, tu to tie\u017e plat\u00ed. I ke\u010f sa tu vyskytuj\u00fa aj spolo\u010dn\u00e9 \u010drty. Fa\u0161iangy boli odjak\u017eiva symbolom veselosti, z\u00e1bavy, hodovania a pitia.V obmedzenej podobe sa s oslavami fa\u0161iangov stret\u00e1vame e\u0161te takmer vo v\u0161etk\u00fdch regi\u00f3noch Slovenska . V regi\u00f3ne Liptov sa na fa\u0161iang pra\u017eila pra\u017eenica, na ktor\u00fa bola pozvan\u00e1 cel\u00e1 dedina. Ml\u00e1denci najprv t\u00fd\u017ede\u0148 pred <strong>z\u00e1bavou<\/strong> chodili po dedine a poz\u00fdvali diev\u010dat\u00e1, ale aj star\u0161\u00edch. Pri tejto obch\u00f4dzke nezabudli pobra\u0165 <strong>vaj\u00ed\u010dka a slaninu<\/strong>. Pra\u017eenicu v\u00e4\u010d\u0161inou pripravovala richt\u00e1rka, potom sa za\u010d\u00ednala z\u00e1bava, na ktorej boli aj pra\u017een\u00e9 \u0161i\u0161ky, karamel, z\u00e1vin, huspenina\u2026 V Honte bolo zvykom robi\u0165 p\u00e1lenku. Chlapci chodili po dedine a vyberali zrno, taktie\u017e spojen\u00e9 s obch\u00f4dzkami za diev\u010datami a p\u00fdtan\u00edm slaniny, klob\u00e1sy. V\u0161etko sa odnieslo na priadky, kde diev\u010dat\u00e1 pripravili pohostenie. Fa\u0161iangy sa kon\u010dili v utorok o polnoci.<\/p>\n<h4 style=\"text-align: justify;\"><span style=\"color: #3366ff;\">2012<\/span><\/h4>\n<p style=\"text-align: justify;\">Po \u0161es\u0165 ro\u010dnej prest\u00e1vke sa mlad\u00ed z&nbsp;Bieleho Potoka rozhodli op\u00e4\u0165 o\u017eivi\u0165 dlhoro\u010dn\u00fd zvyk a to tradi\u010dn\u00fa Fa\u0161iangov\u00fa bursu! Tak\u00fa, ak\u00e1 b\u00fdvala v obci po mnoh\u00e9 roky, to znamen\u00e1 fa\u0161iangov\u00e1 z\u00e1bava \u2013 bursa trvaj\u00faca tri dni!&nbsp;Pomerne ve\u013ek\u00fd z\u00e1ujem mlad\u00fdch mal za n\u00e1sledok, \u017ee sa zi\u0161lo a\u017e 16 p\u00e1rov. Po 2 mesa\u010dnej pr\u00edprave, zh\u00e1\u0148an\u00ed krojov, n\u00e1cviku piesn\u00ed, tancov a&nbsp;vo\u013eby richt\u00e1ra a&nbsp;richt\u00e1rky, bolo v\u0161etko pripraven\u00e9, aby sa mohlo za\u010da\u0165!<\/p>\n<p><iframe loading=\"lazy\" src=\"http:\/\/www.youtube.com\/embed\/97Mt-rTeV2s\" width=\"400\" height=\"225\" frameborder=\"0\"><\/iframe><\/p>\n<p><iframe loading=\"lazy\" src=\"http:\/\/www.youtube.com\/embed\/t4So5w8Vdcc\" width=\"400\" height=\"225\" frameborder=\"0\"><\/iframe><\/p>\n<p><iframe loading=\"lazy\" src=\"http:\/\/www.youtube.com\/embed\/sHIspnlp7ng\" width=\"400\" height=\"225\" frameborder=\"0\"><\/iframe><\/p>\n<p><iframe loading=\"lazy\" src=\"http:\/\/www.youtube.com\/embed\/vmN7bTOg4zU\" width=\"400\" height=\"225\" frameborder=\"0\"><\/iframe><\/p>\n<p><iframe loading=\"lazy\" src=\"http:\/\/www.youtube.com\/embed\/Bt2jVH6w5Zo\" width=\"400\" height=\"225\" frameborder=\"0\"><\/iframe><\/p>\n<h4><span style=\"color: #3366ff;\">02. marec 2019<\/span><\/h4>\nngg_shortcode_0_placeholder\n<h4><span style=\"color: #3366ff;\">10. febru\u00e1r 2018<\/span><\/h4>\nngg_shortcode_1_placeholder\n<h4><span style=\"color: #3366ff;\">25. febru\u00e1r 2017<\/span><\/h4>\nngg_shortcode_2_placeholder\n<h4><span style=\"color: #3366ff;\">06. febru\u00e1r 2016<\/span><\/h4>\nngg_shortcode_3_placeholder\n<h4><span style=\"color: #3366ff;\">28. febru\u00e1r 2014<\/span><\/h4>\nngg_shortcode_4_placeholder\nngg_shortcode_5_placeholder\n<h4><span style=\"color: #3366ff;\">08. febru\u00e1r 2013<\/span><\/h4>\nngg_shortcode_6_placeholder\n<h4><span style=\"color: #3366ff;\">09. febru\u00e1r 2002<\/span><\/h4>\nngg_shortcode_7_placeholder\n\n\n<p><\/p>\n","protected":false},"excerpt":{"rendered":"<p>Bursa &#8211; Fa\u0161iangy je obdobie od Troch kr\u00e1\u013eov a\u017e do polnoci pred \u0161karedou \u2013 Popolcovou stredou. Potom nasleduje 40 d\u0148ov\u00fd p\u00f4st (zaveden\u00fd a\u017e koncom 4 st. kres\u0165anskou cirkvou) a\u017e do Ve\u013ek\u00e9ho piatku. Je to prechodn\u00e9 obdobie medzi zimou a jarou. Z obdobia Ve\u013ekej Moravy sa u n\u00e1s v 9. storo\u010d\u00ed &#8230;<\/p>\n","protected":false},"author":1,"featured_media":0,"parent":110,"menu_order":1,"comment_status":"open","ping_status":"open","template":"","meta":{"ngg_post_thumbnail":0,"jetpack_post_was_ever_published":false,"footnotes":""},"class_list":["post-116","page","type-page","status-publish","hentry"],"jetpack_shortlink":"https:\/\/wp.me\/P2I76G-1S","jetpack_sharing_enabled":true,"_links":{"self":[{"href":"https:\/\/www.bielypotok.eu\/index.php?rest_route=\/wp\/v2\/pages\/116","targetHints":{"allow":["GET"]}}],"collection":[{"href":"https:\/\/www.bielypotok.eu\/index.php?rest_route=\/wp\/v2\/pages"}],"about":[{"href":"https:\/\/www.bielypotok.eu\/index.php?rest_route=\/wp\/v2\/types\/page"}],"author":[{"embeddable":true,"href":"https:\/\/www.bielypotok.eu\/index.php?rest_route=\/wp\/v2\/users\/1"}],"replies":[{"embeddable":true,"href":"https:\/\/www.bielypotok.eu\/index.php?rest_route=%2Fwp%2Fv2%2Fcomments&post=116"}],"version-history":[{"count":23,"href":"https:\/\/www.bielypotok.eu\/index.php?rest_route=\/wp\/v2\/pages\/116\/revisions"}],"predecessor-version":[{"id":12080,"href":"https:\/\/www.bielypotok.eu\/index.php?rest_route=\/wp\/v2\/pages\/116\/revisions\/12080"}],"up":[{"embeddable":true,"href":"https:\/\/www.bielypotok.eu\/index.php?rest_route=\/wp\/v2\/pages\/110"}],"wp:attachment":[{"href":"https:\/\/www.bielypotok.eu\/index.php?rest_route=%2Fwp%2Fv2%2Fmedia&parent=116"}],"curies":[{"name":"wp","href":"https:\/\/api.w.org\/{rel}","templated":true}]}}

Belanský fašiang

<p style="text-align: justify;"><strong>Bursa &#8211; Fašiangy</strong> je obdobie od Troch kráľov až do polnoci pred škaredou – Popolcovou stredou. Potom nasleduje 40 dňový pôst (zavedený až koncom 4 st. kresťanskou cirkvou) až do Veľkého piatku. Je to prechodné obdobie medzi zimou a jarou. Z obdobia Veľkej Moravy sa u nás v 9. storočí používal termín mjasopust (koniec jedenia mäsa pred pôstom). V Česku sa toto slovo zachovalo ako masopust, na Slovensku sme však neskôr prebrali nemecký názov <strong>fašiangy</strong> (fašangy).</p>
<p style="text-align: justify;">Ako sa vraví iný kraj, iný mrav, tu to tiež platí. I keď sa tu vyskytujú aj spoločné črty. Fašiangy boli odjakživa symbolom veselosti, zábavy, hodovania a pitia.V obmedzenej podobe sa s oslavami fašiangov stretávame ešte takmer vo všetkých regiónoch Slovenska . V regióne Liptov sa na fašiang pražila praženica, na ktorú bola pozvaná celá dedina. Mládenci najprv týždeň pred <strong>zábavou</strong> chodili po dedine a pozývali dievčatá, ale aj starších. Pri tejto obchôdzke nezabudli pobrať <strong>vajíčka a slaninu</strong>. Praženicu väčšinou pripravovala richtárka, potom sa začínala zábava, na ktorej boli aj pražené šišky, karamel, závin, huspenina… V Honte bolo zvykom robiť pálenku. Chlapci chodili po dedine a vyberali zrno, taktiež spojené s obchôdzkami za dievčatami a pýtaním slaniny, klobásy. Všetko sa odnieslo na priadky, kde dievčatá pripravili pohostenie. Fašiangy sa končili v utorok o polnoci.</p>
<h4 style="text-align: justify;"><span style="color: #3366ff;">2012</span></h4>
<p style="text-align: justify;">Po šesť ročnej prestávke sa mladí z&nbsp;Bieleho Potoka rozhodli opäť oživiť dlhoročný zvyk a to tradičnú Fašiangovú bursu! Takú, aká bývala v obci po mnohé roky, to znamená fašiangová zábava – bursa trvajúca tri dni!&nbsp;Pomerne veľký záujem mladých mal za následok, že sa zišlo až 16 párov. Po 2 mesačnej príprave, zháňaní krojov, nácviku piesní, tancov a&nbsp;voľby richtára a&nbsp;richtárky, bolo všetko pripravené, aby sa mohlo začať!</p>
<p><iframe loading="lazy" src="http://www.youtube.com/embed/97Mt-rTeV2s" width="400" height="225" frameborder="0"></iframe></p>
<p><iframe loading="lazy" src="http://www.youtube.com/embed/t4So5w8Vdcc" width="400" height="225" frameborder="0"></iframe></p>
<p><iframe loading="lazy" src="http://www.youtube.com/embed/sHIspnlp7ng" width="400" height="225" frameborder="0"></iframe></p>
<p><iframe loading="lazy" src="http://www.youtube.com/embed/vmN7bTOg4zU" width="400" height="225" frameborder="0"></iframe></p>
<p><iframe loading="lazy" src="http://www.youtube.com/embed/Bt2jVH6w5Zo" width="400" height="225" frameborder="0"></iframe></p>
<h4><span style="color: #3366ff;">02. marec 2019</span></h4>
ngg_shortcode_0_placeholder
<h4><span style="color: #3366ff;">10. február 2018</span></h4>
ngg_shortcode_1_placeholder
<h4><span style="color: #3366ff;">25. február 2017</span></h4>
ngg_shortcode_2_placeholder
<h4><span style="color: #3366ff;">06. február 2016</span></h4>
ngg_shortcode_3_placeholder
<h4><span style="color: #3366ff;">28. február 2014</span></h4>
ngg_shortcode_4_placeholder
ngg_shortcode_5_placeholder
<h4><span style="color: #3366ff;">08. február 2013</span></h4>
ngg_shortcode_6_placeholder
<h4><span style="color: #3366ff;">09. február 2002</span></h4>
ngg_shortcode_7_placeholder


<p></p>

<p>Bursa &#8211; Fašiangy je obdobie od Troch kráľov až do polnoci pred škaredou – Popolcovou stredou. Potom nasleduje 40 dňový pôst (zavedený až koncom 4 st. kresťanskou cirkvou) až do Veľkého piatku. Je to prechodné obdobie medzi zimou a jarou. Z obdobia Veľkej Moravy sa u nás v 9. storočí &#8230;</p>
